210001
What is 31141133 (base 6) in base 7?
10435011
-1595 (base 15) to base 12
-2828
10001111100011101010 (base 2) to base 3
1002212121011
What is -44734 (base 10) in base 2?
-1010111010111110
-200412126 (base 7) to base 4
-230100001302
What is 4013343 (base 5) in base 10?
63598
1315222 (base 6) to base 13
26c8a
Convert 20311003023 (base 4) to base 7.
25446435
-280611 (base 16) to base 10
-2622993
What is 114a390 (base 13) in base 9?
11031141
Convert -14330112 (base 5) to base 7.
-1201610
What is 22325 (base 8) in base 15?
2bd9
3151140 (base 6) to base 2
100101101110000100
Convert 112200013 (base 4) to base 8.
264007
What is -5445001 (base 7) in base 8?
-2426251
-335343 (base 10) to base 6
-11104303
1142011130 (base 5) to base 15
3817e5
496b1 (base 13) to base 15
2a0ba
What is a71d (base 14) in base 10?
28839
Convert -26635333 (base 7) to base 16.
-2594bf
What is -3014566 (base 8) in base 6?
-24555022
What is 7501788 (base 9) in base 13?
aa8367
Convert -3305324 (base 6) to base 9.
-270577
-7415407 (base 10) to base 16
-71266f
Convert -2cc50 (base 13) to base 11.
-5932a
Convert -11110010001101 (base 2) to base 6.
-155433
a353a (base 11) to base 14
3d095
Convert -433441455 (base 6) to base 4.
-131200122023
What is 13bd2 (base 14) in base 12?
24424
Convert -12030113 (base 5) to base 16.
-1b2b3
-139735 (base 10) to base 4
-202013113
Convert 280aa9 (base 12) to base 14.
134569
Convert -67a84d (base 14) to base 5.
-1400244213
10110000101001100 (base 2) to base 13
32223
What is -33101324 (base 6) in base 8?
-3611364
Convert -156206 (base 13) to base 3.
-222210202122
Convert -1004602 (base 7) to base 4.
-131020111
What is -51ca3 (base 14) in base 12?
-96233
-2862578 (base 12) to base 3
-120020002012002
63096a (base 11) to base 10
1011394
101201002221 (base 3) to base 12
a1b74
29c99 (base 13) to base 4
103103021
What is 1780631 (base 9) in base 15?
14a991
1001111010011000101001 (base 2) to base 4
21322120221
What is 110000010110111000111 (base 2) in base 16?
182dc7
-76146a (base 14) to base 5
-2010431021
What is 24442244 (base 5) in base 14?
61438
Convert b311 (base 14) to base 5.
1441122
Convert 26268207 (base 9) to base 5.
11301334144
Convert -273de (base 15) to base 16.
-1eb3f
What is 2628a6 (base 14) in base 4?
11000221002
What is 73b4 (base 12) in base 3?
122101001
-1216643 (base 7) to base 2
-100110000110001111
Convert 3607626 (base 8) to base 2.
11110000111110010110
Convert -201002201122 (base 3) to base 14.
-9b029
Convert -10100233110 (base 4) to base 9.
-2082376
-47417 (base 10) to base 6
-1003305
What is -23422420 (base 5) in base 16?
-35093
-6663152 (base 9) to base 11
-20291a7
-2022123013 (base 5) to base 6
-223502324
What is 4011340 (base 5) in base 3?
10012220010
What is -11127646 (base 8) in base 7?
-26302340
What is d66db (base 16) in base 8?
3263333
Convert b436 (base 13) to base 10.
24888
What is 2011122001 (base 3) in base 2?
1010011011110110
114347 (base 10) to base 8
337253
Convert -10001303011 (base 4) to base 2.
-100000001110011000101
-12332122102 (base 4) to base 8
-6763222
-2462774 (base 10) to base 12
-9a9272
-31040431 (base 5) to base 10
-252616
What is 1253452 (base 6) in base 16?
10f88
What is 19705 (base 13) in base 12?
247aa
-231212120 (base 4) to base 8
-554630
41818 (base 9) to base 11
19846
Convert -110100 (base 9) to base 14.
-19d23
2002110222010 (base 3) to base 6
35454433
Convert 2378781 (base 9) to base 6.
43411244
-11012330033 (base 5) to base 10
-11839393
133004 (base 8) to base 3
2100220210
What is 570b36a (base 12) in base 13?
35c53b7
What is -4e73 (base 16) in base 14?
-7467
What is 133877 (base 9) in base 15?
192c7
Convert -ca88b (base 14) to base 5.
-111140443
What is -104410 (base 7) in base 15?
-56a7
Convert -20330330011 (base 4) to base 9.
-4366127
What is 677420 (base 13) in base 6?
124213422
Convert -110103132012 (base 4) to base 10.
-5322630
Convert -28c83c (base 13) to base 9.
-1782133
What is -8556833 (base 10) in base 13?
-1a07a1c
3002304 (base 6) to base 7
1123441
-525422255 (base 6) to base 3
-122100200221222
Convert 18213e (base 16) to base 5.
401100444
Convert 261a6b6 (base 12) to base 13.
1729731
-101010101011000101 (base 2) to base 10
-174789
What is -101100101111011101111011 (base 2) in base 9?
-24055748
-57d80 (base 16) to base 2
-1010111110110000000
What is 3337001 (base 8) in base 16?
dbe01
Convert 1154005 (base 6) to base 8.
170525
Convert -1101000001100001011 (base 2) to base 6.
-13051431
-6822 (base 16) to base 4
-12200202
What is -22136616 (base 7) in base 5?
-442040014
What is 221121100211 (base 3) in base 5?
112112004
-214220 (base 12) to base 6
-15133240
11233323 (base 4) to base 6
301003
Convert 3c90 (base 16) to base 8.
36220
133022102100 (base 4) to base 13
19000b3
Convert 15454522 (base 6) to base 12.
227442
Convert -4004097 (base 11) to base 4.
-123003113122
Convert 276a7 (base 12) to base 8.
152437
What is -14242061 (base 9) in base 8?
-32722374
What is 2441ac (base 13) in base 4?
3103122021
Convert 11000010011011011 (base 2) to base 14.
283c7
Convert -120b691 (base 12) to base 6.
-203032301
What is 146b03 (base 12) in base 5?
41444411
-30854 (base 14) to base 2
-11100100010011010
Convert 36499 (base 13) to base 7.
563401
What is -952da (base 16) in base 14?
-11c974
Convert -10355 (base 8) to base 9.
-5844
What is b17a (base 14) in base 7?
154613
Convert 3027788 (base 9) to base 10.
1613195
Convert -2444144 (base 6) to base 9.
-218041
What is 222d (base 15) in base 8?
16113
What is -4501 (base 16) in base 7?
-102334
Convert 34a (base 12) to base 7.
1300
Convert 121010202101 (base 3) to base 5.
40131130
-102c3 (base 15) to base 8
-144072
Convert -d04130 (base 15) to base 9.
-20536500
635054 (base 8) to base 13
75363
What is 1113257 (base 9) in base 11?
37a417
What is -1132946 (base 11) in base 7?
-22555401
a74259 (base 11) to base 15
23e352
d0408 (base 16) to base 9
1540077
What is 439a7 (base 12) in base 15?
1b801
-3a8927 (base 12) to base 3
-1211020020011
Convert 413 (base 14) to base 5.
11201
-a09a (base 11) to base 8
-32153
-5370468 (base 9) to base 11
-1698317
-19843a (base 11) to base 12
-127b0b
-1122213020 (base 4) to base 10
-371144
727523 (base 9) to base 6
13131550
-14405445 (base 6) to base 13
-146123
What is -16261b (base 14) in base 9?
-1411101
What is -1120355 (base 6) in base 16?
-df4f
What is 9696c (base 14) in base 5?
43122233
What is 20110200212 (base 3) in base 12?
6184b
What is 81a88 (base 11) in base 8?
351725
Convert -115013110 (base 7) to base 12.
-24a3177
Convert 1522762 (base 9) to base 13.
236279
-10167154 (base 9) to base 11
-283842a
Convert -102022212211 (base 3) to base 5.
-24113423
Convert -232530 (base 9) to base 15.
-2b5b6
What is -86dba (base 15) in base 8?
-1504476
What is 215519 (base 10) in base 2?
110100100111011111
What is 1075001 (base 11) in base 15?
2723a4
What is -241d3 (base 14) in base 13?
-311aa
Convert 10101111000011110101011 (base 2) to base 6.
322541123
Convert 329b (base 13) to base 10.
7057
What is 922420 (base 13) in base 6?
200542331
97e209 (base 15) to base 3
111121122120000
Convert 2534965 (base 10) to base 9.
4683277
Convert -11c29a (base 15) to base 9.
-1536431
What is -373943b (base 12) in base 7?
-160420130
-331110410 (base 5) to base 16
-15c142
Convert -130211302 (base 4) to base 15.
-24a71
Convert -86a21 (base 12) to base 16.
-2b639
Convert 456a5 (base 12) to base 13.
331a0
Convert -1673908 (base 10) to base 7.
-20141125
Convert -22212211 (base 5) to base 4.
-233201321
Convert 7a21c (base 15) to base 10.
388602
-102010202223 (base 4) to base 14
-8b4551
7189b (base 12) to base 14
3bdc3
1001313002 (base 4) to base 11
174749
575382 (base 9) to base 15
6c3de
What is -105065325 (base 7) in base 15?
-85c323
-7563054 (base 8) to base 10
-2025004
What is 21403241 (base 7) in base 14?
35a091
-b54516 (base 12) to base 15
-3b3edc
12f1a (base 16) to base 9
127385
What is 3a6a (base 13) in base 3?
102110222
What is -12010222222 (base 3) in base 2?
-11000101111010010
What is -305158 (base 15) in base 16?
-23060c
-74663 (base 9) to base 16
-c0ea
21022211211 (base 3) to base 2
100011001101100101
What is 44102411 (base 5) in base 16?
5c671
-333475 (base 9) to base 7
-1460240
Convert 23252462 (base 7) to base 16.
1f3a72
What is 11